
7
Let u be -3 - 70/(-9) - (-2)/9. Suppose -30 = -5*b - 4*c, -b - 3*b - c + 13 = 0. Suppose -2*m = -b*r - 42, -2*r - 70 = -u*m - 4*r. What is the units digit of m?
6
Let t = 58 - 43. What is the units digit of t?
5
Let v(q) = q - 10. Let t be v(0). Let p be t/(-25) + (-74)/10. What is the units digit of (5 - 4)*p/(-1)?
7
What is the units digit of (-4)/(-5) - 480/(-25)?
0
Suppose -20 = w - 6*w, w = -4*h - 88. Let f be -1*h/(-1)*-1. Let q = f - 15. What is the units digit of q?
8
Let o be 4/6*-1*3. Suppose 3*w + 2*w = -50. What is the tens digit of (-102)/w + o/10?
1
Let q be -1*(15/3 + 1). Let y(u) = u - 3. Let f be y(q). What is the units digit of f*(1/3 + -1)?
6
Suppose 329 + 1673 = 11*f. What is the tens digit of f?
8
Suppose g - 3*o = 13, -5*g + 5*o = -2*g - 23. Let x(m) = 8*m - 1. Let h be x(g). Suppose -5*f - 6 = -w + h, 3*f - 39 = -2*w. What is the units digit of w?
8
Let s(g) = 33*g**3 - 2*g**2. Let k be s(3). What is the units digit of 3/5 - k/(-45)?
0
Suppose 0*l = 5*l + 65. Let m = 7 + l. Let d = 13 + m. What is the units digit of d?
7
Let k(m) = -m + 4. Let c be k(4). Let q be 1/(c + (-2)/(-2)). What is the tens digit of q - 2*(1 - 10)?
1
Suppose -3*v - 78 = -4*m + 318, -m = v - 92. What is the units digit of m?
6
Let k = -65 - -149. What is the tens digit of k?
8
Let j = -17 - -10. Let b(x) = -13*x**2. Let n be b(-1). Let f = j - n. What is the units digit of f?
6
Suppose 0*i - 4 = -4*i. Let x = i - -10. What is the tens digit of x?
1
Suppose -4*v + 9*v = 5. What is the units digit of v?
1
Let a(y) = 2*y + 58. What is the units digit of a(0)?
8
Let f be (4/(-8))/(3/(-12)). Suppose f*c = 4 + 10. What is the units digit of c?
7
Let m(h) = -3*h + 2*h - 2 + 2 + 7. What is the tens digit of m(-12)?
1
Suppose 29 = 2*i + 3*f, 0 = -0*i + 2*i - 2*f - 54. What is the units digit of i?
2
Let b(a) = -3*a**3 - 2*a**2 + a - 2. Let w be b(-2). Let l be (-68)/12 - (-8)/12. Let g = w + l. What is the units digit of g?
7
Let v = -2 + 2. Suppose v = -2*p - 2 + 124. Suppose -5*t - 21 + p = 0. What is the units digit of t?
8
Let r be (-5)/(-15)*(1 - -14). Suppose 3*y - 4*h - 10 = -0, 2*y = -r*h + 45. What is the units digit of y?
0
Let b be 6/(-3) - (1 - 1). Let s be -3 + 5 - (-3 + -1). What is the units digit of (b/s)/((-2)/12)?
2
Let f be (-3 + -2)*6/(-15). Suppose 4*l - 14 - f = 0. What is the units digit of l/(-2 - 5/(-2))?
8
Let q be 4 - -5 - -2*(2 - 3). Let h(d) be the second derivative of d**3/6 - 3*d**2/2 - d. What is the units digit of h(q)?
4
Let a = -21 + 19. What is the units digit of 5 - (3 + a) - -7?
1
Suppose -4*v = 0, 5*a = a - 4*v + 24. What is the units digit of a?
6
Let m(t) = t + 2. Let x be m(1). Let r = x + 4. What is the units digit of r?
7
Let y(t) = 4*t**2 - 5*t + 6. Let m(n) = -3*n**2 + 6*n - 5. Let f(w) = -3*m(w) - 2*y(w). Let u be f(8). Let s = 6 - u. What is the units digit of s?
3
Let y(i) = 4*i**2 - 4*i + 2. Let b be y(2). Suppose -28 = -c - b. What is the tens digit of c?
1
Suppose p = -4*o + 184, -5*o - 4*p + 0*p = -241. Let t be (0 + -6)/((-6)/o). Suppose -2*n = n - t. What is the units digit of n?
5
Let l = 37 - 21. Suppose 4 + l = 4*o. Suppose -o*a + 60 = -0*a. What is the units digit of a?
2
Let a be (0 - -68)*(-5)/(-10). Let c = -19 + a. What is the tens digit of c?
1
What is the tens digit of (8/6)/((-15)/(-495))?
4
Let v = 11 + -11. Suppose v*s = -2*s + 46. What is the units digit of s?
3
Let n(q) = 2*q - 1. Let k = 13 - -2. Suppose a + k = 4*a. What is the units digit of n(a)?
9
Let w(h) = h**2 + 7*h + 9. Let z be w(-6). Suppose 0 = -4*s, -6*b + 5*s = -z*b - 24. What is the units digit of b?
8
Let c = -2 + 4. What is the units digit of (c/4)/((-11)/(-22))?
1
Suppose 3*r - r = 8. Suppose v - 68 = -3*f, 5*v + 6*f - 3*f = 280. Suppose 0 = 4*w - k - v, -3*w - 2*w + r*k = -58. What is the units digit of w?
4
What is the units digit of 9/(-12) - 310/(-8)?
8
Suppose -g + 6*g + 3*v = 9, -4*g + v = 3. Suppose 4*r = -g*r + 76. What is the tens digit of r?
1
Let l(z) = -14 + z + 14. What is the units digit of l(6)?
6
Let s(g) = 3*g**2 - g - 1. Let p be s(-1). Suppose -6*l + 57 = -p*l. What is the tens digit of l?
1
Let h(l) = l**2 + 9*l - 12. Let j(d) = d**3 - 2*d**2 + 4*d - 4. Let v be j(3). Suppose 4*t = -2*w - 38, 0 = -t - w + 3*w - v. What is the units digit of h(t)?
0
Let j(c) = -c**3 + 5*c**2 + 3. Let x be j(6). Let i = x + 63. Suppose -4*b - b + i = 0. What is the units digit of b?
6
Suppose 0*g = -4*g - 28. Let j = 1 - g. Suppose -3*d = 2*a + 5, 3 + j = 3*d - 2*a. What is the units digit of d?
1
Suppose 3*q = 2*u - 1, 3*u + 5*q - 1 = -28. Let g(x) = -x**3 - 2*x**2 - x. Let i be g(u). What is the units digit of 316/i - (-2)/9?
9
Suppose 0 = -m - 3*m. Let a = m - -3. What is the units digit of a?
3
Let a = -3 + 22. What is the tens digit of a?
1
Let v(s) = s + 3. Let k be v(4). Let l = -7 + k. Suppose 2*j + o = 28, o + l = -4. What is the units digit of j?
6
Let b be (-40)/(-16)*6/5. Suppose -o = -f - 14, 2*o = b*o + 3*f - 10. What is the tens digit of o?
1
Let k(x) = 3*x**3 - x - 6. Let z(t) = -1. Let m(i) = k(i) - 4*z(i). What is the tens digit of m(2)?
2
Let n(j) = -j - 1. What is the units digit of n(-7)?
6
Suppose 46 + 23 = 3*h. What is the tens digit of h?
2
Suppose 540 = -5*q + 8*q. What is the hundreds digit of q?
1
Let w = 12 - 6. Suppose -50 = -w*k + 4*k. What is the tens digit of k?
2
Let c = -45 + 119. Let w = c - 40. What is the tens digit of w?
3
Suppose 203 = -6*j + 977. What is the hundreds digit of j?
1
Let k = -25 + 43. Let o = k - 7. What is the units digit of o?
1
Let s(m) = -m**2 - m. Let n be s(-1). Suppose -4*o + 1 = -y + 12, n = 3*o - 6. Suppose -t = 2 - y. What is the tens digit of t?
1
Suppose 34 = -2*h - 6. Let i = h - -35. What is the units digit of i?
5
Suppose -2*m + m = 3*c - 10, 3*m - 58 = -2*c. What is the units digit of m?
2
Let h(l) = -5*l - 29. Let x be h(-7). Let g(f) = 2*f**2 + 4*f - 3. Let b be g(-6). Suppose -x*i = -i - b. What is the units digit of i?
9
Let c = -3 + -27. Let j = c + 49. Let h = -9 + j. What is the units digit of h?
0
Let l(y) = 23*y - 7. What is the units digit of l(3)?
2
Suppose v - 2*i = -i + 11, 3*v - 2*i = 37. What is the tens digit of v?
1
What is the units digit of -4 - (-26)/(3 + -1)?
9
Let p(t) = 8*t. Suppose 5*h - 13 = 12. What is the tens digit of p(h)?
4
Let l(k) be the second derivative of -1/6*k**3 + 0 + 1/2*k**2 - 2*k. What is the units digit of l(0)?
1
Suppose -5*o = -10*o + 3*b + 150, 0 = -2*b. What is the units digit of o?
0
Let r(s) = s**3 - 5*s**2 + 2. Let v be r(5). Suppose -1 = -j + v. Suppose j*i - 2 = i. What is the units digit of i?
1
Suppose -9*u + 3*u = -888. What is the tens digit of u?
4
Suppose -m + 39 = 14. What is the tens digit of m?
2
Let x be 3 - 2 - -14 - -2. Suppose -3*i = 4*v - 1 - 5, 4*v = 4*i - 8. Suppose m = 0, v = -2*t - m + x - 1. What is the units digit of t?
8
Let l = 0 + 4. Let f = l - 3. What is the units digit of 1 - f/(3/(-6))?
3
Let g(f) = -f**3 - 9*f**2 - f - 5. Let c be g(-9). Suppose -3*x - 3 - 12 = -c*b, 4*x = -20. Suppose -r + 5*r - 12 = b. What is the units digit of r?
3
Suppose -2*n + 6*n - 232 = -4*c, 3*n + 2*c - 175 = 0. What is the tens digit of n?
5
Suppose 2*r - 8*h = -4*h + 126, r = 4*h + 57. What is the tens digit of r?
6
Let d be (9/(-6))/((-6)/16). Suppose -5 = -d*v + 5*f + 1, -2*v - 5*f = -18. What is the units digit of v?
4
Let b = -15 + 41. What is the units digit of b?
6
Let z = 40 - 29. What is the tens digit of z?
1
What is the tens digit of 120*2*(3 - 84/32)?
9
Let x(o) = o**3 + 6*o**2 - 7*o + 2. Let n be x(-7). Let z be (-13)/(n - (-3)/(-2)). Let t = -15 - z. What is the tens digit of t?
1
Suppose 0 = 2*q - 2*m - 490, 4*q + 3*m + m - 940 = 0. What is the hundreds digit of q?
2
Let p be (-2)/9 + 1115/(-45). What is the units digit of (-4)/10 + (-35)/p?
1
Let c be 1/(-1) + (-6)/(-2). Suppose g = -0*g + c. What is the units digit of g + -3 + 4 - 0?
3
Suppose d = -4*f - 2, f - 4 = -3*d - f. Let o = d + 6. What is the units digit of o?
8
Let o = 6 + -4. Suppose -4*z = 2*c - 2, o*c = z - 2*c - 14. Suppose -6 = -l - z. What is the units digit of l?
4
Let q(u) = u**2 - 4*u + 3. Let w = 10 - 6. What is the units digit of q(w)?
3
Suppose 0 = -4*q + 108 + 112. What is the tens digit of q?
5
Le